 + a. What is the remainder when 11 is divided by q?
5
What is the remainder when (16/24)/((-2)/(-27)) is divided by 4?
1
Let v = -2 - -2. Let y = -3 + v. Let s(n) = n**2 + 2*n + 4. What is the remainder when 19 is divided by s(y)?
5
Calculate the remainder when 17 is divided by (-27)/15*20/(-6).
5
Let w(r) = r**2 - 21. What is the remainder when w(-8) is divided by 9?
7
Let g(o) = o**3 - 2*o**2 - 2*o - 1. Let x be g(-1). Let j(k) = -k**2 + 10*k + 10. Let c be j(9). What is the remainder when 18 is divided by (-1)/(-2) - c/x?
8
Suppose 3*n - 11 - 1 = 0. Suppose -g + 45 = 3*p + n, 5*p - 75 = 5*g. What is the remainder when 26 is divided by p?
12
Let v(h) = 3*h**2 - 2*h - 2. Suppose 4 = -2*m, 4*m - 7 = -5*u + 5. Let g = -1 + u. Calculate the remainder when 56 is divided by v(g).
18
Let n(k) = -4*k + 3. Let t(d) = -17*d + 13. Let l(a) = -26*n(a) + 6*t(a). What is the remainder when 7 is divided by l(2)?
3
Let p be 3*(-1 + 0/(-3)). Let u(s) = -4*s + 2. Suppose -20 = -2*d - 2*d. Calculate the remainder when u(p) is divided by d.
4
Let r(q) = -3*q + 1. Let z be r(1). Let l(b) = 2*b**3 - 5*b**2 - 5*b + 4. Let x be l(4). Calculate the remainder when 17 is divided by x/6 - z/3.
5
Let l(g) be the third derivative of g**5/30 + 5*g**4/24 - g**3/2 - 4*g**2. What is the remainder when l(3) is divided by 16?
14
Suppose 10 = 5*t + 2*o, 2*t - o - 4 = -3*o. Let w(j) = -1 + 10*j + 0*j - t*j + j**2 + 0. What is the remainder when 22 is divided by w(-9)?
6
Let h be (-700)/2 - -2*1. Calculate the remainder when 1/5 - h/10 is divided by (1*-1 + -2)*-4.
11
Suppose 7 = 3*p + g, -2*g - 6 = 2*p - 6*p. Let k = 0 - -5. Suppose -r + j + 40 = p*j, r - 24 = -k*j. Calculate the remainder when r is divided by 15.
14
Let j(o) = 8*o**2 + 5*o + 8. Let b(p) = 7*p**2 + 4*p + 7. Let s(x) = 7*b(x) - 6*j(x). What is the remainder when s(-3) is divided by 3/(-1 + 3/2)?
4
Suppose o - 6*o - 2*k + 27 = 0, -4*o + 24 = 4*k. Suppose 0 = -2*a - a. Suppose -5*n + a = -10. What is the remainder when o is divided by n?
1
Let p = 59 - 29. Let t = -5 - -9. Suppose -126 = t*m - 8*m + y, -y - p = -m. Calculate the remainder when m is divided by 17.
15
Let u = 16 - 7. What is the remainder when 15 is divided by u?
6
Let y = 15 - -9. Suppose 3*m = -4*i + 2, -5*m - 11 = -i + y. Calculate the remainder when 6 + m - -5*1 is divided by 2.
1
What is the remainder when 83 is divided by 176/10 - 15/25?
15
Let d be (-22)/(-4) - 1/(-2). Let w = -3 + d. Let u(i) = 2*i**3 - 2*i**2. Calculate the remainder when u(2) is divided by w.
2
Let t = -6 - -8. Suppose s = -1 - t. Let x = 7 - s. What is the remainder when x is divided by 4?
2
Suppose 2*i - 5 - 11 = 0. What is the remainder when 15 is divided by i?
7
Let h(w) = -w**2 + 32*w - 12*w - 9 - w**2. Let n(i) = -i**2 + 10*i - 4. Let v(c) = -3*h(c) + 7*n(c). What is the remainder when v(6) is divided by 12?
11
Suppose -2*k + 26 + 8 = 0. Let t = 28 - k. What is the remainder when 41 is divided by t?
8
Suppose 2*v = -0*v + 68. Suppose 2*x + v = 100. Suppose -5*w + 8*w - 51 = 0. Calculate the remainder when x is divided by w.
16
Let q = 105 + -82. Calculate the remainder when q is divided by 8.
7
Let k(d) = d + 1. Let b be k(-1). Suppose 6 = 4*s + 3*t, -2*s - 3*s + t - 2 = b. Suppose -5*h + 92 + 3 = s. Calculate the remainder when h is divided by 10.
9
Let s(m) = m**3 + m**2. Let i be s(0). Suppose i*f - 5*n = -f, 4*f + 3*n - 23 = 0. Calculate the remainder when 13 is divided by f.
3
Suppose 3*f + 29 = i, -37 = 3*i - 4*i + 5*f. Calculate the remainder when i is divided by 6.
5
Suppose 0 = 2*s - 0*s + 4, -3*n + s = -8. Suppose -2 = 3*i - 5. What is the remainder when i/(-1 - (-8)/6) is divided by n?
1
Let n = 45 + -18. What is the remainder when n is divided by 10?
7
Let u(n) = -n + 27. Calculate the remainder when 72 is divided by u(7).
12
Let a(o) = -2*o + 3. What is the remainder when (-847)/(-44) + 6/8 is divided by a(-4)?
9
Suppose -k = -3*k + 20. Suppose -74 = 4*r - 6*r. What is the remainder when r is divided by k?
7
Suppose -3*j + 147 = -3*r, 2*j - 5*r - 200 = -2*j. Suppose 3*a - 150 + j = 0. What is the remainder when a is divided by 19?
16
Suppose -3*x = -u - 26, -3*x - 2*x + 53 = -2*u. Let v = 71 + u. Calculate the remainder when v is divided by 15.
12
Suppose -35 - 20 = -5*c. What is the remainder when 11 is divided by c?
0
Suppose 5*t = -w + 3*t + 50, -2*t = 8. Suppose 3*f + 10 - w = 0. Calculate the remainder when f is divided by 6.
4
Suppose 0 = 2*p + 6 + 62. Let z = -24 - p. Suppose 2*v = -5*f + 140, 0 = f - 0*v - 4*v - 28. What is the remainder when f is divided by z?
8
Let x = 28 - 19. Let s(k) = k**3 + 5*k**2 + 5*k + 2. Let i be 2*2*(-6)/8. Calculate the remainder when x is divided by s(i).
4
Suppose 0*a - 2*m - 36 = -2*a, a - 2*m = 21. What is the remainder when a is divided by 8?
7
Let n = -9 - -24. Suppose -4*r = -4*h + 76, -2*r = -h + 5 + n. What is the remainder when 69 is divided by h?
15
Let s(v) = 3*v**2 + 3*v. Let l(g) = 2*g + 25*g**2 + 1 - 24*g**2 - 3 + 3*g. Calculate the remainder when l(4) is divided by s(-3).
16
Calculate the remainder when 7 is divided by (2 + -5)/(6/(-8)).
3
Suppose 116*i = 113*i + 432. What is the remainder when i is divided by 37?
33
Let u be (-1 - 0)/((-2)/56). Suppose 3*l - u + 173 = -5*a, -l = -3*a - 101. What is the remainder when (-1)/(-2)*a/(-1) is divided by 9?
7
Let x be 0 - 1/((-2)/10). Suppose -w - 11 = -x*u, -u + 0*u + 15 = 3*w. What is the remainder when 9 is divided by w?
1
Let m(j) = j**3 - 4*j**2 + 2*j - 6. Let l be m(4). Suppose l*f - 3*f + 7 = 0. What is the remainder when 12 is divided by f?
5
Let x = 72 - 50. Calculate the remainder when 27 is divided by x.
5
Let g(c) be the first derivative of -c**2/2 - 2*c - 6. What is the remainder when 12 is divided by g(-7)?
2
Suppose -16*x = -11*x - 125. What is the remainder when x is divided by 15?
10
Suppose -4*q = -13 - 183. Suppose -4*f = -3*f - 4*p - 42, 0 = 2*f + 5*p - 32. What is the remainder when q is divided by f?
23
Suppose -z + 48 = 5*r, -2*r = 3*z + r - 156. Let w = z - 32. What is the remainder when 41 is divided by w?
20
Let a = 4 - 1. Suppose -2 = -c, a*i - c - 2 = 29. Let b = 24 + -18. Calculate the remainder when i is divided by b.
5
What is the remainder when 31 is divided by (-1)/(1/(-3 - 8))?
9
Let y(q) = 4*q - 2*q**3 + q**2 - 6*q - q**3 + 4*q**3 - 4. Calculate the remainder when 76 is divided by y(3).
24
Suppose -6*q + 10*q - 56 = 0. Calculate the remainder when 109 is divided by q.
11
Let o(j) = -6*j**3 - j**2 - 3*j - 2. Let y(u) = 5*u**3 + u**2 + 2*u + 1. Let b(h) = 4*o(h) + 5*y(h). Calculate the remainder when b(3) is divided by 7.
6
Let f = -6 + 16. Calculate the remainder when 27 is divided by f.
7
Suppose 2*n - 13 = 19. Calculate the remainder when n is divided by 9.
7
Let q = 17 + -28. Let w = q + 27. What is the remainder when w is divided by 9?
7
Let h(d) = d**3 - 2*d - 1. Let o be h(2). Let x = o - -1. What is the remainder when 13 is divided by x?
1
Suppose 71 = 5*v - 79. Calculate the remainder when v is divided by 1 - -10 - 0/(-2).
8
Let c be ((-12)/(-10))/((-3)/15). Let b(n) = n + 2. Let v be b(c). Let h(u) = u**2 + 2*u. Calculate the remainder when 15 is divided by h(v).
7
Let a = -112 - -192. What is the remainder when a is divided by 22?
14
Let k = -18 - -30. Suppose -5*t + 58 + k = 0. Calculate the remainder when t is divided by 4.
2
Suppose 2*n = 103 - 21. Calculate the remainder when n is divided by 11.
8
Let m = -37 - -71. What is the remainder when 129 is divided by m?
27
Suppose -2*h = -4 - 2. Suppose z - 70 = -3*m - h*z, -3*m = -2*z - 82. Let u(a) = 3*a**2 + 2. What is the remainder when m is divided by u(2)?
12
Let m = 97 + -35. Calculate the remainder when m is divided by 33.
29
Let q = -34 + 57. Calculate the remainder when 45 is divided by q.
22
Let g be 1/(1/1) - -11. What is the remainder when 70 is divided by (g/(-14))/((-5)/105)?
16
Let z = 63 - 61. What is the remainder when 4 is divided by z?
0
Suppose -10 - 12 = -5*k - i, 0 = 2*k + 5*i + 5. Suppose -k*c + c = -28. What is the remainder when 25 is divided by c?
4
Let l be (-2 + 1)/((-4)/8). Suppose -3 = -i + k, -l*i + 4*k - 2 = -0*k. Let d(c) = c. What is the remainder when i is divided by d(3)?
1
Let n(j) = -j**2 - 3*j + 5. Let r be n(-4). Calculat